{"id":889,"date":"2017-08-24T07:16:02","date_gmt":"2017-08-24T07:16:02","guid":{"rendered":"http:\/\/www.nicdarkthemes.com\/themes\/hotel\/wp\/demo\/hotel\/?page_id=889"},"modified":"2024-12-25T07:36:11","modified_gmt":"2024-12-25T07:36:11","slug":"home-2","status":"publish","type":"page","link":"https:\/\/www.lacasitaurla.com\/","title":{"rendered":"Home 2"},"content":{"rendered":"<p>[vc_row][vc_column]\n\t\t\t<!-- START Home 2 REVOLUTION SLIDER 6.5.7 --><p class=\"rs-p-wp-fix\"><\/p>\n\t\t\t<rs-module-wrap id=\"rev_slider_1_1_wrapper\" data-source=\"gallery\" style=\"visibility:hidden;background:#ffffff;padding:0;margin:0px auto;margin-top:0;margin-bottom:0;\">\n\t\t\t\t<rs-module id=\"rev_slider_1_1\" style=\"\" data-version=\"6.5.7\">\n\t\t\t\t\t<rs-slides>\n\t\t\t\t\t\t<rs-slide style=\"position: absolute;\" data-key=\"rs-1\" data-title=\"Slide\" data-thumb=\"\/\/www.lacasitaurla.com\/wp-content\/uploads\/2024\/12\/GGY-100x50.jpg\" data-in=\"o:0;\" data-out=\"a:false;\">\n\t\t\t\t\t\t\t<img src=\"\/\/www.lacasitaurla.com\/wp-content\/plugins\/revslider\/public\/assets\/assets\/dummy.png\" title=\"GGY\" width=\"889\" height=\"500\" class=\"rev-slidebg tp-rs-img rs-lazyload\" data-lazyload=\"\/\/www.lacasitaurla.com\/wp-content\/uploads\/2024\/12\/GGY.jpg\" data-parallax=\"off\" data-no-retina>\n<!--\n\t\t\t\t\t\t\t--><rs-layer\n\t\t\t\t\t\t\t\tid=\"slider-1-slide-1-layer-2\" \n\t\t\t\t\t\t\t\tdata-type=\"text\"\n\t\t\t\t\t\t\t\tdata-color=\"#ff3a2d||#ffffff||#ffffff||#ffffff\"\n\t\t\t\t\t\t\t\tdata-rsp_ch=\"on\"\n\t\t\t\t\t\t\t\tdata-xy=\"xo:370px,100px,50px,20px;y:m;yo:32px,-30px,-30px,-30px;\"\n\t\t\t\t\t\t\t\tdata-text=\"w:normal;s:64,70,70,35;l:64,70,70,45;ls:2,2px,2px,2px;fw:300,400,400,400;\"\n\t\t\t\t\t\t\t\tdata-dim=\"w:1067px,650px,620px,380px;h:174px,auto,auto,auto;\"\n\t\t\t\t\t\t\t\tdata-padding=\"t:18,20,20,20;r:18,20,20,20;b:28,30,30,30;l:18,20,20,20;\"\n\t\t\t\t\t\t\t\tdata-frame_0=\"o:1;\"\n\t\t\t\t\t\t\t\tdata-frame_0_sfx=\"se:blocktoright;fxc:#78635a;\"\n\t\t\t\t\t\t\t\tdata-frame_1=\"st:200;sp:750;sR:200;\"\n\t\t\t\t\t\t\t\tdata-frame_1_sfx=\"se:blocktoright;fxc:#78635a;\"\n\t\t\t\t\t\t\t\tdata-frame_999=\"z:0;e:power4.out;st:w;sp:500;sR:8050;\"\n\t\t\t\t\t\t\t\tstyle=\"z-index:9;font-family:'Poppins';\"\n\t\t\t\t\t\t\t>Urla'n\u0131n t\u00fcm g\u00fczelliklerine ba\u015flang\u0131\u00e7 noktas\u0131nda\n \n\t\t\t\t\t\t\t<\/rs-layer><!--\n\n\t\t\t\t\t\t\t--><rs-layer\n\t\t\t\t\t\t\t\tid=\"slider-1-slide-1-layer-3\" \n\t\t\t\t\t\t\t\tdata-type=\"text\"\n\t\t\t\t\t\t\t\tdata-color=\"#ff3a2d||#ffffff||#ffffff||#ffffff\"\n\t\t\t\t\t\t\t\tdata-rsp_ch=\"on\"\n\t\t\t\t\t\t\t\tdata-xy=\"xo:721px,100px,50px,20px;y:m;yo:-59px,-178px,-177px,-157px;\"\n\t\t\t\t\t\t\t\tdata-text=\"w:normal;s:17;l:17;ls:4px;fw:300;\"\n\t\t\t\t\t\t\t\tdata-padding=\"t:10;r:20;b:10;l:20;\"\n\t\t\t\t\t\t\t\tdata-frame_0=\"o:1;\"\n\t\t\t\t\t\t\t\tdata-frame_0_sfx=\"se:blocktoright;fxc:#78635a;\"\n\t\t\t\t\t\t\t\tdata-frame_1=\"st:300;sp:750;sR:300;\"\n\t\t\t\t\t\t\t\tdata-frame_1_sfx=\"se:blocktoright;fxc:#78635a;\"\n\t\t\t\t\t\t\t\tdata-frame_999=\"z:0;e:power4.out;st:w;sp:500;sR:7950;\"\n\t\t\t\t\t\t\t\tstyle=\"z-index:8;font-family:'Poppins';\"\n\t\t\t\t\t\t\t>LACASITA URLA \n\t\t\t\t\t\t\t<\/rs-layer><!--\n-->\t\t\t\t\t\t<\/rs-slide>\n\t\t\t\t\t\t<rs-slide style=\"position: absolute;\" data-key=\"rs-21\" data-title=\"Slide\" data-thumb=\"\/\/www.lacasitaurla.com\/wp-content\/uploads\/2024\/12\/KAFE2-100x50.jpg\" data-in=\"o:0;\" data-out=\"a:false;\">\n\t\t\t\t\t\t\t<img src=\"\/\/www.lacasitaurla.com\/wp-content\/plugins\/revslider\/public\/assets\/assets\/dummy.png\" title=\"KAFE2\" width=\"2000\" height=\"1126\" class=\"rev-slidebg tp-rs-img rs-lazyload\" data-lazyload=\"\/\/www.lacasitaurla.com\/wp-content\/uploads\/2024\/12\/KAFE2.jpg\" data-parallax=\"off\" data-no-retina>\n<!--\n\t\t\t\t\t\t\t--><rs-layer\n\t\t\t\t\t\t\t\tid=\"slider-1-slide-21-layer-2\" \n\t\t\t\t\t\t\t\tdata-type=\"text\"\n\t\t\t\t\t\t\t\tdata-rsp_ch=\"on\"\n\t\t\t\t\t\t\t\tdata-xy=\"xo:17px,100px,50px,20px;y:m;yo:-50px,-30px,-30px,-30px;\"\n\t\t\t\t\t\t\t\tdata-text=\"w:normal;s:54,70,70,35;l:54,70,70,45;ls:2,2px,2px,2px;fw:300,400,400,400;\"\n\t\t\t\t\t\t\t\tdata-dim=\"w:598,650px,620px,380px;\"\n\t\t\t\t\t\t\t\tdata-padding=\"t:18,20,20,20;r:18,20,20,20;b:28,30,30,30;l:18,20,20,20;\"\n\t\t\t\t\t\t\t\tdata-frame_0=\"o:1;\"\n\t\t\t\t\t\t\t\tdata-frame_0_sfx=\"se:blocktoright;fxc:#78635a;\"\n\t\t\t\t\t\t\t\tdata-frame_1=\"st:200;sp:750;sR:200;\"\n\t\t\t\t\t\t\t\tdata-frame_1_sfx=\"se:blocktoright;fxc:#78635a;\"\n\t\t\t\t\t\t\t\tdata-frame_999=\"z:0;e:power4.out;st:w;sp:500;sR:8050;\"\n\t\t\t\t\t\t\t\tstyle=\"z-index:9;font-family:'Poppins';\"\n\t\t\t\t\t\t\t>Evinizin konforu ve rahatl\u0131\u011f\u0131nda \n\t\t\t\t\t\t\t<\/rs-layer><!--\n\n\t\t\t\t\t\t\t--><rs-layer\n\t\t\t\t\t\t\t\tid=\"slider-1-slide-21-layer-3\" \n\t\t\t\t\t\t\t\tdata-type=\"text\"\n\t\t\t\t\t\t\t\tdata-rsp_ch=\"on\"\n\t\t\t\t\t\t\t\tdata-xy=\"xo:20px,100px,50px,20px;y:m;yo:-145px,-178px,-177px,-157px;\"\n\t\t\t\t\t\t\t\tdata-text=\"w:normal;s:17;l:17;ls:4px;fw:300;\"\n\t\t\t\t\t\t\t\tdata-padding=\"t:10;r:20;b:10;l:20;\"\n\t\t\t\t\t\t\t\tdata-frame_0=\"o:1;\"\n\t\t\t\t\t\t\t\tdata-frame_0_sfx=\"se:blocktoright;fxc:#78635a;\"\n\t\t\t\t\t\t\t\tdata-frame_1=\"st:300;sp:750;sR:300;\"\n\t\t\t\t\t\t\t\tdata-frame_1_sfx=\"se:blocktoright;fxc:#78635a;\"\n\t\t\t\t\t\t\t\tdata-frame_999=\"z:0;e:power4.out;st:w;sp:500;sR:7950;\"\n\t\t\t\t\t\t\t\tstyle=\"z-index:8;font-family:'Poppins';\"\n\t\t\t\t\t\t\t>LACASITA URLA \n\t\t\t\t\t\t\t<\/rs-layer><!--\n-->\t\t\t\t\t\t<\/rs-slide>\n\t\t\t\t\t<\/rs-slides>\n\t\t\t\t<\/rs-module>\n\t\t\t\t<script type=\"text\/javascript\">\n\t\t\t\t\tsetREVStartSize({c: 'rev_slider_1_1',rl:[1240,1024,778,480],el:[380,768,960,720],gw:[1240,1024,778,480],gh:[380,380,960,720],type:'standard',justify:'',layout:'fullwidth',mh:\"0\"});if (window.RS_MODULES!==undefined && window.RS_MODULES.modules!==undefined && window.RS_MODULES.modules[\"revslider11\"]!==undefined) {window.RS_MODULES.modules[\"revslider11\"].once = false;window.revapi1 = undefined;if (window.RS_MODULES.checkMinimal!==undefined) window.RS_MODULES.checkMinimal()}\n\t\t\t\t<\/script>\n\t\t\t<\/rs-module-wrap>\n\t\t\t<!-- END REVOLUTION SLIDER -->\n[\/vc_column][\/vc_row][vc_row css=&#8221;.vc_custom_1504098160799{margin-top: 15px !important;}&#8221;][vc_column el_class=&#8221;nd_options_text_align_center&#8221;][vc_single_image image=&#8221;1739&#8243; alignment=&#8221;center&#8221;][vc_column_text css_animation=&#8221;none&#8221;]<\/p>\n<p style=\"text-align: center;\"><span style=\"color: #000000;\">Michelin y\u0131ld\u0131zl\u0131 restoranlar, bereketli \u00fcz\u00fcm ba\u011flar\u0131nda yer alan \u015faraphaneler, tarihi Rum sokaklar\u0131, d\u00fcnyan\u0131n en eski zeytin i\u015fli\u011fine ev sahipli\u011fi yapan Klazomenai antik kenti, yar\u0131madan\u0131n denizden gelen r\u00fczgarlar\u0131na a\u00e7\u0131k su sporlar\u0131 merkezleri&#8230;<\/span><\/p>\n<p>&nbsp;<\/p>\n<p style=\"text-align: center;\"><span style=\"color: #000000;\">Urla&#8217;n\u0131n t\u00fcm bu g\u00fczelliklerine ba\u015flang\u0131\u00e7 noktas\u0131 sunan Lacasita Urla, Urla&#8217;n\u0131n kalbi say\u0131lan Sanat Soka\u011f\u0131 ve Malgaca Pazar\u0131&#8217;na da y\u00fcr\u00fcy\u00fc\u015f mesafesindedir. \u015eehir tesisi olman\u0131n avantaj\u0131 ile tatiliniz s\u00fcresince ihtiya\u00e7lar\u0131n\u0131z\u0131 kar\u015f\u0131layabilece\u011finiz rengarenk tezgahlar\u0131 ile manavlar, mahalle bakkallar\u0131, marketler, bankalara ula\u015f\u0131m\u0131n\u0131z y\u00fcr\u00fcy\u00fc\u015f mesafesindedir.<\/span><\/p>\n<p>&nbsp;<\/p>\n<p style=\"text-align: center;\"><span style=\"color: #000000;\">\u0130htiyac\u0131n\u0131za g\u00f6re tercih edebilece\u011finiz, farkl\u0131 kategorilerde hizmet verdi\u011fimiz geni\u015f odalar\u0131m\u0131zda konforlu bir konaklaman\u0131n keyfini s\u00fcrebilirsiniz. Apart ve Suit Odalar\u0131m\u0131zda ailenizle rahatl\u0131kla kalabilir, tam donan\u0131ml\u0131 mutfakl\u0131 odalar\u0131m\u0131zda y\u00fcr\u00fcy\u00fc\u015f mesafesindeki tezgahlardan alaca\u011f\u0131n\u0131z yerel \u00fcr\u00fcnleri ile kendi sofran\u0131z\u0131 kurabilirsiniz.<\/span><\/p>\n<p>&nbsp;<\/p>\n<p style=\"text-align: center;\"><span style=\"color: #000000;\"><strong>Lacasita Urla:<\/strong><\/span><\/p>\n<p style=\"text-align: center;\"><span style=\"color: #000000;\">-Urla&#8217;n\u0131n merkezi Sanat Soka\u011f\u0131 ve Malgaca Pazar\u0131&#8217;na y\u00fcr\u00fcy\u00fc\u015f mesafesinde,<\/span><\/p>\n<p style=\"text-align: center;\"><span style=\"color: #000000;\">-Urla Ba\u011f Yolu Rotas\u0131&#8217;na 1 km,<\/span><br \/>\n<span style=\"color: #000000;\">&#8211; \u0130zmir Adnan Menderes Havaliman\u0131\u2019na 34 km,<\/span><br \/>\n<span style=\"color: #000000;\">&#8211; \u00c7e\u015fme-Ala\u00e7at\u0131\u2019ya 34 km,<\/span><br \/>\n<span style=\"color: #000000;\">&#8211; Seferihisar-S\u0131\u011fac\u0131k\u2019a 14 km,<\/span><br \/>\n<span style=\"color: #000000;\">&#8211; Karaburun-Mordo\u011fan\u2019a 26 km<\/span><br \/>\n<span style=\"color: #000000;\">&#8211; Efes Antik Kenti&#8217;ne 66 km mesafededir.<\/span><\/p>\n<p>[\/vc_column_text]<div style=\"background-color:; height: 75px;\" class=\"nicdark_section  \"><\/div>[vc_btn title=&#8221;REZERVASYON&#8221; style=&#8221;classic&#8221; color=&#8221;warning&#8221; size=&#8221;lg&#8221; link=&#8221;url:https%3A%2F%2Flacasita-urla.hmshotel.net%2F|title:https%3A%2F%2Flacasita-urla.hmshotel.net%2F|target:%20_blank|&#8221;][\/vc_column][\/vc_row][vc_row css=&#8221;.vc_custom_1504098160799{margin-top: 15px !important;}&#8221;][vc_column el_class=&#8221;nd_options_text_align_center&#8221;]<div style=\"background-color:; height: 50px;\" class=\"nicdark_section  \"><\/div>[\/vc_column][\/vc_row]<\/p>\n","protected":false},"excerpt":{"rendered":"<p>[vc_row][vc_column][\/vc_column][\/vc_row][vc_row css=&#8221;.vc_custom_1504098160799{margin-top: 15px !important;}&#8221;][vc_column el_class=&#8221;nd_options_text_align_center&#8221;][vc_single_image image=&#8221;1739&#8243; alignment=&#8221;center&#8221;][vc_column_text css_animation=&#8221;none&#8221;] Michelin y\u0131ld\u0131zl\u0131 restoranlar, bereketli \u00fcz\u00fcm ba\u011flar\u0131nda yer alan \u015faraphaneler, tarihi Rum sokaklar\u0131, d\u00fcnyan\u0131n en eski zeytin i\u015fli\u011fine ev sahipli\u011fi yapan Klazomenai antik kenti, yar\u0131madan\u0131n denizden gelen r\u00fczgarlar\u0131na a\u00e7\u0131k su sporlar\u0131 merkezleri&#8230; &nbsp; Urla&#8217;n\u0131n t\u00fcm bu g\u00fczelliklerine ba\u015flang\u0131\u00e7 noktas\u0131 sunan Lacasita Urla, Urla&#8217;n\u0131n kalbi say\u0131lan Sanat Soka\u011f\u0131 ve [&hellip;]<\/p>\n","protected":false},"author":1,"featured_media":0,"parent":0,"menu_order":0,"comment_status":"closed","ping_status":"closed","template":"","meta":[],"_links":{"self":[{"href":"https:\/\/www.lacasitaurla.com\/index.php?rest_route=\/wp\/v2\/pages\/889"}],"collection":[{"href":"https:\/\/www.lacasitaurla.com\/index.php?rest_route=\/wp\/v2\/pages"}],"about":[{"href":"https:\/\/www.lacasitaurla.com\/index.php?rest_route=\/wp\/v2\/types\/page"}],"author":[{"embeddable":true,"href":"https:\/\/www.lacasitaurla.com\/index.php?rest_route=\/wp\/v2\/users\/1"}],"replies":[{"embeddable":true,"href":"https:\/\/www.lacasitaurla.com\/index.php?rest_route=%2Fwp%2Fv2%2Fcomments&post=889"}],"version-history":[{"count":30,"href":"https:\/\/www.lacasitaurla.com\/index.php?rest_route=\/wp\/v2\/pages\/889\/revisions"}],"predecessor-version":[{"id":2014,"href":"https:\/\/www.lacasitaurla.com\/index.php?rest_route=\/wp\/v2\/pages\/889\/revisions\/2014"}],"wp:attachment":[{"href":"https:\/\/www.lacasitaurla.com\/index.php?rest_route=%2Fwp%2Fv2%2Fmedia&parent=889"}],"curies":[{"name":"wp","href":"https:\/\/api.w.org\/{rel}","templated":true}]}}